{"id":13,"date":"2018-04-15T20:51:04","date_gmt":"2018-04-15T18:51:04","guid":{"rendered":"https:\/\/2018.bilbao.wordcamp.org\/?page_id=13"},"modified":"2019-03-07T18:37:41","modified_gmt":"2019-03-07T17:37:41","slug":"entradas","status":"publish","type":"page","link":"https:\/\/bilbao.wordcamp.org\/2018\/entradas\/","title":{"rendered":"Entradas"},"content":{"rendered":"<h3>Entrada\u00a0WordCamp Bilbao 2018<\/h3>\n<p>Tu entrada a la WordCamp Bilbao incluye:<\/p>\n<ul>\n<li>Acceso a las conferencias de #WCBilbao (S\u00e1bado 19 de Mayo).<\/li>\n<li>Acceso al <a href=\"https:\/\/2018.bilbao.wordcamp.org\/programa\/contributor-day\/\" target=\"_blank\" rel=\"noopener noreferrer\">d\u00eda de comunidad<\/a> #WCBilbao (Domingo d\u00eda 20 de Mayo).<\/li>\n<li>Almuerzo, caf\u00e9 y snacks durante ambos d\u00edas.<\/li>\n<li>Acreditaci\u00f3n personalizada.<\/li>\n<li>Camiseta y otros regalos promocionales.<\/li>\n<\/ul>\n<h3>Micropatrocinio WordCamp\u00a0Bilbao<\/h3>\n<p>Si quieres colaborar con\u00a0la comunidad y quieres hacer un peque\u00f1o esfuerzo para sufragar tu asistencia, esta es tu forma de colaborar.<\/p>\n<ul>\n<li>1 Entrada para la WordCamp Bilbao<\/li>\n<li>Tweet de Agradecimiento<\/li>\n<li>Tu nombre y logo en el art\u00edculo de agradecimiento de los Patrocinios de Comunidad<\/li>\n<\/ul>\n<p style=\"padding-left: 30px\"><em>* Si quieres asistir al d\u00eda de comunidad (Contributor Day) m\u00e1rcalo cuando rellenes los datos para tu entrada.<\/em><\/p>\n<p style=\"padding-left: 30px\"><em>** Aunque la \u00fanica forma de pago sea PayPal, no necesitas cuenta para pagar, el sistema admite pago con tarjeta.<\/em><\/p>\n<p style=\"padding-left: 30px\"><em><span class=\"s1\">*** Si buscas otras opciones (packs de entradas y dem\u00e1s) <a href=\"https:\/\/2018.bilbao.wordcamp.org\/contacto\/\" target=\"_blank\" rel=\"noopener noreferrer\">contacta con nosotros<\/a>.<\/span><\/em><\/p>\n<a href=\"https:\/\/bilbao.wordcamp.org\/2018\/entradas\/\">Por favor, ve esta p\u00e1gina en un navegador para hacer una compra o gestionar entradas.<\/a>\n<p style=\"text-align: center\">\n","protected":false},"excerpt":{"rendered":"<p>Entrada\u00a0WordCamp Bilbao 2018 Tu entrada a la WordCamp Bilbao incluye: Acceso a las conferencias de #WCBilbao (S\u00e1bado 19 de Mayo). Acceso al d\u00eda de comunidad #WCBilbao (Domingo d\u00eda 20 de Mayo). Almuerzo, caf\u00e9 y snacks durante ambos d\u00edas. Acreditaci\u00f3n personalizada. &hellip; <a href=\"https:\/\/bilbao.wordcamp.org\/2018\/entradas\/\">Sigue leyendo <span class=\"assistive-text\">Entradas<\/span>  <span class=\"meta-nav\">&rarr;<\/span><\/a><\/p>\n","protected":false},"author":13545685,"featured_media":0,"parent":0,"menu_order":0,"comment_status":"closed","ping_status":"closed","template":"","meta":{"jetpack_post_was_ever_published":false,"footnotes":""},"class_list":["post-13","page","type-page","status-publish","hentry"],"jetpack_sharing_enabled":true,"jetpack_shortlink":"https:\/\/wp.me\/P9jILg-d","_links":{"self":[{"href":"https:\/\/bilbao.wordcamp.org\/2018\/wp-json\/wp\/v2\/pages\/13","targetHints":{"allow":["GET"]}}],"collection":[{"href":"https:\/\/bilbao.wordcamp.org\/2018\/wp-json\/wp\/v2\/pages"}],"about":[{"href":"https:\/\/bilbao.wordcamp.org\/2018\/wp-json\/wp\/v2\/types\/page"}],"author":[{"embeddable":true,"href":"https:\/\/bilbao.wordcamp.org\/2018\/wp-json\/wp\/v2\/users\/13545685"}],"replies":[{"embeddable":true,"href":"https:\/\/bilbao.wordcamp.org\/2018\/wp-json\/wp\/v2\/comments?post=13"}],"version-history":[{"count":6,"href":"https:\/\/bilbao.wordcamp.org\/2018\/wp-json\/wp\/v2\/pages\/13\/revisions"}],"predecessor-version":[{"id":1449,"href":"https:\/\/bilbao.wordcamp.org\/2018\/wp-json\/wp\/v2\/pages\/13\/revisions\/1449"}],"wp:attachment":[{"href":"https:\/\/bilbao.wordcamp.org\/2018\/wp-json\/wp\/v2\/media?parent=13"}],"curies":[{"name":"wp","href":"https:\/\/api.w.org\/{rel}","templated":true}]}}